
What is the units digit of 124956?
6
What is the thousands digit of 95618?
5
What is the thousands digit of 4113396?
3
What is the units digit of 218519?
9
What is the ten thousands digit of 11839167?
3
What is the hundred thousands digit of 2713773?
7
What is the thousands digit of 1094635?
4
What is the tens digit of 1333169?
6
What is the tens digit of 89750?
5
What is the hundreds digit of 2203822?
8
What is the tens digit of 41568?
6
What is the tens digit of 4393704?
0
What is the units digit of 5645495?
5
What is the ten thousands digit of 159793?
5
What is the units digit of 139606?
6
What is the hundred thousands digit of 368798?
3
What is the ten thousands digit of 2056438?
5
What is the hundreds digit of 5977144?
1
What is the thousands digit of 284935?
4
What is the units digit of 5324052?
2
What is the thousands digit of 258700?
8
What is the thousands digit of 197391?
7
What is the hundreds digit of 1921197?
1
What is the hundreds digit of 2751291?
2
What is the thousands digit of 353762?
3
What is the thousands digit of 457766?
7
What is the ten thousands digit of 5847289?
4
What is the hundreds digit of 167836?
8
What is the hundred thousands digit of 602414?
6
What is the hundred thousands digit of 16345899?
3
What is the thousands digit of 17706329?
6
What is the millions digit of 2572862?
2
What is the tens digit of 5451182?
8
What is the units digit of 323452?
2
What is the hundreds digit of 2445624?
6
What is the thousands digit of 7833102?
3
What is the ten thousands digit of 232936?
3
What is the units digit of 1944431?
1
What is the ten thousands digit of 3692025?
9
What is the thousands digit of 484819?
4
What is the hundred thousands digit of 326228?
3
What is the millions digit of 18060001?
8
What is the hundreds digit of 1773983?
9
What is the tens digit of 9262?
6
What is the units digit of 280927?
7
What is the millions digit of 3008294?
3
What is the tens digit of 6397613?
1
What is the hundred thousands digit of 8201400?
2
What is the hundred thousands digit of 8509607?
5
What is the tens digit of 268444?
4
What is the hundreds digit of 867551?
5
What is the tens digit of 1546170?
7
What is the hundred thousands digit of 599430?
5
What is the thousands digit of 1291862?
1
What is the ten thousands digit of 731095?
3
What is the ten millions digit of 17497823?
1
What is the units digit of 294262?
2
What is the hundreds digit of 225735?
7
What is the thousands digit of 80954?
0
What is the tens digit of 203462?
6
What is the millions digit of 14856043?
4
What is the hundreds digit of 1746384?
3
What is the hundred thousands digit of 165482?
1
What is the ten millions digit of 17018193?
1
What is the hundred thousands digit of 671442?
6
What is the ten thousands digit of 348511?
4
What is the hundreds digit of 821949?
9
What is the thousands digit of 14764063?
4
What is the units digit of 6083987?
7
What is the thousands digit of 675064?
5
What is the ten thousands digit of 7670265?
7
What is the tens digit of 1574304?
0
What is the units digit of 2520517?
7
What is the ten thousands digit of 420206?
2
What is the thousands digit of 19047050?
7
What is the hundreds digit of 2019976?
9
What is the hundred thousands digit of 3784024?
7
What is the hundred thousands digit of 113184?
1
What is the ten thousands digit of 2046301?
4
What is the thousands digit of 4242579?
2
What is the units digit of 9219000?
0
What is the ten thousands digit of 7816885?
1
What is the ten thousands digit of 1614752?
1
What is the ten thousands digit of 616841?
1
What is the hundreds digit of 4754363?
3
What is the thousands digit of 2014920?
4
What is the tens digit of 664660?
6
What is the tens digit of 133569?
6
What is the millions digit of 4899088?
4
What is the units digit of 670656?
6
What is the hundred thousands digit of 301348?
3
What is the tens digit of 482263?
6
What is the ten thousands digit of 49927?
4
What is the hundreds digit of 26571167?
1
What is the ten thousands digit of 1816537?
1
What is the ten thousands digit of 14956947?
5
What is the hundred thousands digit of 9588016?
5
What is the hundreds digit of 89754?
7
What is the hundreds digit of 4984919?
9
What is the units digit of 922331?
1
What is the millions digit of 1279022?
1
What is the hundreds digit of 9430453?
4
What is the thousands digit of 4090?
4
What is the tens digit of 74023?
2
What is the tens digit of 62414?
1
What is the ten thousands digit of 630775?
3
What is the thousands digit of 272027?
2
What is the hundred thousands digit of 1103900?
1
What is the hundreds digit of 121855?
8
What is the units digit of 12423836?
6
What is the thousands digit of 662714?
2
What is the hundred thousands digit of 1036911?
0
What is the tens digit of 7576705?
0
What is the ten thousands digit of 4556412?
5
What is the ten thousands digit of 1526271?
2
What is the tens digit of 124448?
4
What is the units digit of 183213?
3
What is the tens digit of 1688399?
9
What is the millions digit of 3252621?
3
What is the hundreds digit of 457137?
1
What is the tens digit of 197239?
3
What is the tens digit of 392108?
0
What is the units digit of 240356?
6
What is the hundred thousands digit of 3584163?
5
What is the thousands digit of 1457639?
7
What is the millions digit of 4214864?
4
What is the thousands digit of 463205?
3
What is the hundred thousands digit of 334306?
3
What is the tens digit of 388?
8
What is the hundreds digit of 514545?
5
What is the tens digit of 672420?
2
What is the ten thousands digit of 186346?
8
What is the ten thousands digit of 134732?
3
What is the thousands digit of 8067004?
7
What is the ten thousands digit of 1398863?
9
What is the ten thousands digit of 295493?
9
What is the ten thousands digit of 2351423?
5
What is the tens digit of 141765?
6
What is the tens digit of 11937596?
9
What is the tens digit of 236244?
4
What is the units digit of 88494?
4
What is the ten thousands digit of 1794588?
9
What is the tens digit of 6630854?
5
What is the hundred thousands digit of 4569030?
5
What is the thousands digit of 212266?
2
What is the units digit of 4255166?
6
What is the hundreds digit of 897695?
6
What is the tens digit of 167428?
2
What is the hundred thousands digit of 179158?
1
What is the units digit of 2216?
6
What is the tens digit of 20616423?
2
What is the units digit of 95252?
2
What is the tens digit of 541869?
6
What is the hundreds digit of 685550?
5
What is the ten thousands digit of 7399777?
9
What is the units digit of 264634?
4
What is the hundred thousands digit of 25240277?
2
What is the ten thousands digit of 1173382?
7
What is the ten thousands digit of 1850111?
5
What is the tens digit of 1493043?
4
What is the tens digit of 71760?
6
What is the tens digit of 18650553?
5
What is the units digit of 16887?
7
What is the millions digit of 3201816?
3
What is the millions digit of 2059096?
2
What is the units digit of 5094772?
2
What is the hundreds digit of 285896?
8
What is the thousands digit of 445260?
5
What is the thousands digit of 282032?
2
What is the thousands digit of 244563?
4
What is the units digit of 5093?
3
What is the tens digit of 546582?
8
What is the hundred thousands digit of 230360?
2
What is the hundreds digit of 3232919?
9
What is the hundred thousands digit of 413606?
4
What is the hundreds digit of 473053?
0
What is the hundreds digit of 90377?
3
What is the hundreds digit of 3993813?
8
What is the thousands digit of 9220371?
0
What is the thousands digit of 199396?
9
What is the units digit of 5262274?
4
What is the tens digit of 2916177?
7
What is the thousands digit of 20614666?
4
What is the ten thousands digit of 134015?
3
What is the millions digit of 1142015?
1
What is the thousands digit of 1216791?
6
What is the units digit of 177171?
1
What is the tens digit of 25730?
3
What is the thousands digit of 1103411?
3
What is the millions digit of 3507993?
3
What is the hundreds digit of 234862?
8
What is the units digit of 2941852?
2
What is the units digit of 2322458?
8
What is the thousands digit of 1077341?
7
What is the ten thousands digit of 162822?
6
What is the tens digit of 472426?
2
What is the hundreds digit of 1951908?
9
What is the tens digit of 18755942?
4
What is the hu